{"id":811,"date":"2021-02-12T01:10:01","date_gmt":"2021-02-12T00:10:01","guid":{"rendered":"http:\/\/www.estybel.fr\/?page_id=811"},"modified":"2023-08-02T00:31:14","modified_gmt":"2023-08-01T22:31:14","slug":"partenariat","status":"publish","type":"page","link":"http:\/\/www.estybel.fr\/index.php\/partenariat\/","title":{"rendered":"Partenariat"},"content":{"rendered":"<p>[vc_row][vc_column][vc_column_text]<\/p>\n<section>\n<div class=\"jw-section jw-section-content content\" data-section-name=\"content\">\n<div id=\"jw-element-109632374\" class=\" jw-tree-node jw-element jw-tree-container jw-vertical_split\" data-jw-element-id=\"109632374\">\n<div id=\"jw-element-109633511\" class=\" jw-tree-node jw-element jw-tree-horizontal jw-tree-container jw-node-is-last-child jw-split\" data-jw-element-id=\"109633511\">\n<div id=\"jw-element-109633512\" class=\"jw-tree-node jw-element jw-tree-container jw-node-is-first-child lt800 jw-vertical_split lt540 lt600\" data-jw-element-id=\"109633512\">\n<div id=\"jw-element-109633419\" class=\" jw-tree-node jw-element jw-image-text jw-node-is-first-child jw-node-is-last-child jw-text\" data-jw-element-id=\"109633419\">\n<div class=\"jw-element-imagetext-text\">\n<h5 class=\"jw-heading-70\" style=\"text-align: center;\">La Maison de Soins propose d&rsquo;autres prises en charge:<\/h5>\n<\/div>\n<p>&nbsp;<\/p>\n<div class=\"jw-element-imagetext-text\">\n<h3 class=\"jw-heading-70\"><\/h3>\n<\/div>\n<\/div>\n<\/div>\n<\/div>\n<\/div>\n<\/div>\n<\/section>\n<footer>\n<div class=\"jw-section jw-section-footer jw-section-is-pinnable footer\" data-section-name=\"footer\">\n<div class=\"jw-credits clear\">\n<div class=\"jw-credits-owner\">\n<div id=\"jw-footer-text\"><\/div>\n<\/div>\n<\/div>\n<\/div>\n<\/footer>\n<p>[\/vc_column_text][vc_separator][\/vc_column][\/vc_row][vc_row][vc_column][vc_column_text]<\/p>\n<h4><\/h4>\n<h4 style=\"text-align: center;\"><\/h4>\n<h3 class=\"jw-heading-70\" style=\"text-align: center;\">Psycho-Sexologie Clinique<\/h3>\n<p>&nbsp;<\/p>\n<h4 style=\"text-align: center;\"><span style=\"color: #0082b5;\"><strong>S\u00e9bastien LANDRY<\/strong><\/span><\/h4>\n<p>&nbsp;<\/p>\n<h6 style=\"text-align: center;\"><\/h6>\n<p style=\"text-align: center;\">Professionnel de sant\u00e9, Psycho-Sexologue Clinicien et Sexoth\u00e9rapeute ainsi qu&rsquo;Ing\u00e9nieur en r\u00e9\u00e9ducation et r\u00e9adaptation fonctionnelle.<\/p>\n<p>&nbsp;<\/p>\n<p style=\"text-align: center;\">Sp\u00e9cialit\u00e9 en Onco-Sexologie<\/p>\n<p style=\"text-align: center;\">Il exerce pour la Ligue contre cancer et l&rsquo;AASM Clinique Victor Hugo au Mans.<\/p>\n<p style=\"text-align: center;\">Il enseigne \u00e0 l&rsquo;Universit\u00e9 de Poitiers, o\u00f9 il est codirecteur d&rsquo;un dipl\u00f4me Universitaire sp\u00e9cialis\u00e9 en Canc\u00e9rologie, et \u00e0 Le Mans Universit\u00e9.<\/p>\n<p>&nbsp;<\/p>\n<p style=\"text-align: center;\">Site Internet: <a href=\"https:\/\/www.psychosexologie.fr\/\">https:\/\/www.psychosexologie.fr\/<\/a><\/p>\n<p>&nbsp;<\/p>\n<p><img loading=\"lazy\" decoding=\"async\" class=\"aligncenter\" src=\"https:\/\/t.eu1.jwwb.nl\/W1852788\/-zO-3jseWSH_pdvv1qz9vihtrPE=\/588x0\/filters:quality(95)\/f.eu1.jwwb.nl\/public\/z\/n\/a\/temp-yqwowzxgwzccviwxuefx\/901ctc\/IMG_8447.jpeg\" width=\"264\" height=\"209\" \/>[\/vc_column_text][vc_single_image image=\u00a0\u00bb827&Prime; img_size=\u00a0\u00bbmedium\u00a0\u00bb alignment=\u00a0\u00bbcenter\u00a0\u00bb][vc_separator][\/vc_column][\/vc_row][vc_row][vc_column][vc_column_text]<\/p>\n<p style=\"text-align: center;\">Bient\u00f4t Simon vient rejoindre l&rsquo;\u00e9quipe, plus d&rsquo;information vous serons donn\u00e9es prochainement<\/p>\n<p>[\/vc_column_text][vc_separator][\/vc_column][\/vc_row]<\/p>\n","protected":false},"excerpt":{"rendered":"<p>[vc_row][vc_column][vc_column_text] La Maison de Soins propose d&rsquo;autres prises en charge: &nbsp; [\/vc_column_text][vc_separator][\/vc_column][\/vc_row][vc_row][vc_column][vc_column_text] Psycho-Sexologie Clinique &nbsp; S\u00e9bastien LANDRY &nbsp; Professionnel de sant\u00e9, Psycho-Sexologue Clinicien et Sexoth\u00e9rapeute ainsi qu&rsquo;Ing\u00e9nieur en r\u00e9\u00e9ducation et r\u00e9adaptation fonctionnelle. &nbsp; Sp\u00e9cialit\u00e9 en Onco-Sexologie Il exerce pour la Ligue contre cancer et l&rsquo;AASM Clinique Victor Hugo au Mans. Il enseigne \u00e0 l&rsquo;Universit\u00e9 de Poitiers, o\u00f9 il est codirecteur d&rsquo;un dipl\u00f4me Universitaire sp\u00e9cialis\u00e9 en Canc\u00e9rologie, et \u00e0 Le Mans Universit\u00e9. &nbsp; Site Internet: https:\/\/www.psychosexologie.fr\/ &nbsp; [\/vc_column_text][vc_single_image image=\u00a0\u00bb827&Prime; img_size=\u00a0\u00bbmedium\u00a0\u00bb alignment=\u00a0\u00bbcenter\u00a0\u00bb][vc_separator][\/vc_column][\/vc_row][vc_row][vc_column][vc_column_text] Bient\u00f4t Simon vient rejoindre l&rsquo;\u00e9quipe, plus d&rsquo;information vous serons donn\u00e9es prochainement [\/vc_column_text][vc_separator][\/vc_column][\/vc_row]<\/p>\n","protected":false},"author":1,"featured_media":0,"parent":0,"menu_order":0,"comment_status":"closed","ping_status":"closed","template":"","meta":{"footnotes":""},"_links":{"self":[{"href":"http:\/\/www.estybel.fr\/index.php\/wp-json\/wp\/v2\/pages\/811"}],"collection":[{"href":"http:\/\/www.estybel.fr\/index.php\/wp-json\/wp\/v2\/pages"}],"about":[{"href":"http:\/\/www.estybel.fr\/index.php\/wp-json\/wp\/v2\/types\/page"}],"author":[{"embeddable":true,"href":"http:\/\/www.estybel.fr\/index.php\/wp-json\/wp\/v2\/users\/1"}],"replies":[{"embeddable":true,"href":"http:\/\/www.estybel.fr\/index.php\/wp-json\/wp\/v2\/comments?post=811"}],"version-history":[{"count":21,"href":"http:\/\/www.estybel.fr\/index.php\/wp-json\/wp\/v2\/pages\/811\/revisions"}],"predecessor-version":[{"id":898,"href":"http:\/\/www.estybel.fr\/index.php\/wp-json\/wp\/v2\/pages\/811\/revisions\/898"}],"wp:attachment":[{"href":"http:\/\/www.estybel.fr\/index.php\/wp-json\/wp\/v2\/media?parent=811"}],"curies":[{"name":"wp","href":"https:\/\/api.w.org\/{rel}","templated":true}]}}