{"id":38,"date":"2018-12-10T02:25:06","date_gmt":"2018-12-10T01:25:06","guid":{"rendered":"http:\/\/www.estybel.fr\/?page_id=38"},"modified":"2023-08-02T00:24:53","modified_gmt":"2023-08-01T22:24:53","slug":"accueil","status":"publish","type":"page","link":"http:\/\/www.estybel.fr\/","title":{"rendered":"Maison de soins Estybel"},"content":{"rendered":"<p>[vc_row full_width=\u00a0\u00bbstretch_row\u00a0\u00bb gap=\u00a0\u00bb1&Prime;][vc_column][vc_separator][vc_column_text]<\/p>\n<p style=\"text-align: center;\">La Fascia-Bio-Energie est une Th\u00e9rapie Manuelle douce et profonde qui vise \u00e0 r\u00e9\u00e9quilibrer le corps en mobilisant les fascias. Ces membranes de tissu conjonctif recouvrent l&rsquo;ensemble des structures en les reliant les unes aux autres (muscles, cr\u00e2ne, os, organes, etc&#8230;)<\/p>\n<p>&nbsp;<\/p>\n<p style=\"text-align: center;\">Lors de chocs et traumatismes, aussi bien physiques, psychologiques ou \u00e9motionnels de la vie quotidienne, les fascias se r\u00e9tractent pouvant entra\u00eener des douleurs.<\/p>\n<p>&nbsp;<\/p>\n<p style=\"text-align: center;\">Cette m\u00e9thode de soins d\u00e9noue les tensions, lib\u00e8re les blocages, r\u00e9duit le stress et calme les souffrances. Cette pratique s&rsquo;adresse \u00e0 tous, des nourrissons aux personnes \u00e2g\u00e9es, en passant par les sportifs.<\/p>\n<p>&nbsp;<\/p>\n<p style=\"text-align: center;\">Un lieu de relaxation dans un environnement calme alliant la d\u00e9tente du corps et de l&rsquo;esprit. Des places de parking priv\u00e9es sont disponibles pour faciliter votre venue.<\/p>\n<p>&nbsp;<\/p>\n<p style=\"text-align: center;\">Obtention d&rsquo;un Certificat de Fascia-Bio-Energ\u00e9tique en 2018, formation de 2 ans<\/p>\n<p style=\"text-align: center;\">et poursuite de Module compl\u00e9mentaire depuis 2018<\/p>\n<p>[\/vc_column_text][vc_separator][vc_column_text css_animation=\u00a0\u00bbfadeIn\u00a0\u00bb css=\u00a0\u00bb.vc_custom_1544651510002{background-color: #ffffff !important;background-position: center !important;background-repeat: no-repeat !important;background-size: contain !important;}\u00a0\u00bb]<\/p>\n<h3 style=\"text-align: center;\">Mes mains au coeur du bien-\u00eatre<\/h3>\n<p>[\/vc_column_text][vc_separator][\/vc_column][\/vc_row][vc_row css=\u00a0\u00bb.vc_custom_1535451728234{margin-top: 20px !important;}\u00a0\u00bb][vc_column][vc_row_inner][vc_column_inner el_class=\u00a0\u00bbcenter\u00a0\u00bb width=\u00a0\u00bb1\/3&Prime; el_id=\u00a0\u00bbcenter\u00a0\u00bb][vc_separator color=\u00a0\u00bbwhite\u00a0\u00bb][\/vc_column_inner][vc_column_inner width=\u00a0\u00bb1\/3&Prime;][vc_images_carousel images=\u00a0\u00bb848,847,893,846,845&Prime; img_size=\u00a0\u00bb400X550&Prime; onclick=\u00a0\u00bblink_no\u00a0\u00bb speed=\u00a0\u00bb4000&Prime; autoplay=\u00a0\u00bbyes\u00a0\u00bb hide_pagination_control=\u00a0\u00bbyes\u00a0\u00bb wrap=\u00a0\u00bbyes\u00a0\u00bb css_animation=\u00a0\u00bbfadeIn\u00a0\u00bb][\/vc_column_inner][vc_column_inner width=\u00a0\u00bb1\/3&Prime;][vc_separator color=\u00a0\u00bbwhite\u00a0\u00bb][\/vc_column_inner][\/vc_row_inner][vc_separator][vc_row_inner][vc_column_inner][\/vc_column_inner][\/vc_row_inner][\/vc_column][\/vc_row]<\/p>\n","protected":false},"excerpt":{"rendered":"<p>[vc_row full_width=\u00a0\u00bbstretch_row\u00a0\u00bb gap=\u00a0\u00bb1&Prime;][vc_column][vc_separator][vc_column_text] La Fascia-Bio-Energie est une Th\u00e9rapie Manuelle douce et profonde qui vise \u00e0 r\u00e9\u00e9quilibrer le corps en mobilisant les fascias. Ces membranes de tissu conjonctif recouvrent l&rsquo;ensemble des structures en les reliant les unes aux autres (muscles, cr\u00e2ne, os, organes, etc&#8230;) &nbsp; Lors de chocs et traumatismes, aussi bien physiques, psychologiques ou \u00e9motionnels de la vie quotidienne, les fascias se r\u00e9tractent pouvant entra\u00eener des douleurs. &nbsp; Cette m\u00e9thode de soins d\u00e9noue les tensions, lib\u00e8re les blocages, r\u00e9duit le stress et calme les souffrances. Cette pratique s&rsquo;adresse \u00e0 tous, des nourrissons aux personnes \u00e2g\u00e9es, en passant par les sportifs. &nbsp; Un lieu de relaxation dans un environnement calme alliant la d\u00e9tente du corps et de l&rsquo;esprit. Des places de parking priv\u00e9es sont disponibles pour faciliter votre venue. &nbsp; Obtention d&rsquo;un Certificat de Fascia-Bio-Energ\u00e9tique en 2018, formation de 2 ans et poursuite de Module compl\u00e9mentaire depuis 2018 [\/vc_column_text][vc_separator][vc_column_text css_animation=\u00a0\u00bbfadeIn\u00a0\u00bb css=\u00a0\u00bb.vc_custom_1544651510002{background-color: #ffffff !important;background-position: center !important;background-repeat: no-repeat !important;background-size: contain !important;}\u00a0\u00bb] Mes mains au coeur du bien-\u00eatre [\/vc_column_text][vc_separator][\/vc_column][\/vc_row][vc_row css=\u00a0\u00bb.vc_custom_1535451728234{margin-top: 20px !important;}\u00a0\u00bb][vc_column][vc_row_inner][vc_column_inner el_class=\u00a0\u00bbcenter\u00a0\u00bb width=\u00a0\u00bb1\/3&Prime; el_id=\u00a0\u00bbcenter\u00a0\u00bb][vc_separator color=\u00a0\u00bbwhite\u00a0\u00bb][\/vc_column_inner][vc_column_inner width=\u00a0\u00bb1\/3&Prime;][vc_images_carousel images=\u00a0\u00bb848,847,893,846,845&Prime; img_size=\u00a0\u00bb400X550&Prime; onclick=\u00a0\u00bblink_no\u00a0\u00bb speed=\u00a0\u00bb4000&Prime; autoplay=\u00a0\u00bbyes\u00a0\u00bb hide_pagination_control=\u00a0\u00bbyes\u00a0\u00bb wrap=\u00a0\u00bbyes\u00a0\u00bb css_animation=\u00a0\u00bbfadeIn\u00a0\u00bb][\/vc_column_inner][vc_column_inner width=\u00a0\u00bb1\/3&Prime;][vc_separator color=\u00a0\u00bbwhite\u00a0\u00bb][\/vc_column_inner][\/vc_row_inner][vc_separator][vc_row_inner][vc_column_inner][\/vc_column_inner][\/vc_row_inner][\/vc_column][\/vc_row]<\/p>\n","protected":false},"author":1,"featured_media":0,"parent":0,"menu_order":0,"comment_status":"closed","ping_status":"closed","template":"","meta":{"footnotes":""},"_links":{"self":[{"href":"http:\/\/www.estybel.fr\/index.php\/wp-json\/wp\/v2\/pages\/38"}],"collection":[{"href":"http:\/\/www.estybel.fr\/index.php\/wp-json\/wp\/v2\/pages"}],"about":[{"href":"http:\/\/www.estybel.fr\/index.php\/wp-json\/wp\/v2\/types\/page"}],"author":[{"embeddable":true,"href":"http:\/\/www.estybel.fr\/index.php\/wp-json\/wp\/v2\/users\/1"}],"replies":[{"embeddable":true,"href":"http:\/\/www.estybel.fr\/index.php\/wp-json\/wp\/v2\/comments?post=38"}],"version-history":[{"count":242,"href":"http:\/\/www.estybel.fr\/index.php\/wp-json\/wp\/v2\/pages\/38\/revisions"}],"predecessor-version":[{"id":897,"href":"http:\/\/www.estybel.fr\/index.php\/wp-json\/wp\/v2\/pages\/38\/revisions\/897"}],"wp:attachment":[{"href":"http:\/\/www.estybel.fr\/index.php\/wp-json\/wp\/v2\/media?parent=38"}],"curies":[{"name":"wp","href":"https:\/\/api.w.org\/{rel}","templated":true}]}}

<p>[vc_row full_width= »stretch_row » gap= »1&Prime;][vc_column][vc_separator][vc_column_text]</p>
<p style="text-align: center;">La Fascia-Bio-Energie est une Thérapie Manuelle douce et profonde qui vise à rééquilibrer le corps en mobilisant les fascias. Ces membranes de tissu conjonctif recouvrent l&rsquo;ensemble des structures en les reliant les unes aux autres (muscles, crâne, os, organes, etc&#8230;)</p>
<p>&nbsp;</p>
<p style="text-align: center;">Lors de chocs et traumatismes, aussi bien physiques, psychologiques ou émotionnels de la vie quotidienne, les fascias se rétractent pouvant entraîner des douleurs.</p>
<p>&nbsp;</p>
<p style="text-align: center;">Cette méthode de soins dénoue les tensions, libère les blocages, réduit le stress et calme les souffrances. Cette pratique s&rsquo;adresse à tous, des nourrissons aux personnes âgées, en passant par les sportifs.</p>
<p>&nbsp;</p>
<p style="text-align: center;">Un lieu de relaxation dans un environnement calme alliant la détente du corps et de l&rsquo;esprit. Des places de parking privées sont disponibles pour faciliter votre venue.</p>
<p>&nbsp;</p>
<p style="text-align: center;">Obtention d&rsquo;un Certificat de Fascia-Bio-Energétique en 2018, formation de 2 ans</p>
<p style="text-align: center;">et poursuite de Module complémentaire depuis 2018</p>
<p>[/vc_column_text][vc_separator][vc_column_text css_animation= »fadeIn » css= ».vc_custom_1544651510002{background-color: #ffffff !important;background-position: center !important;background-repeat: no-repeat !important;background-size: contain !important;} »]</p>
<h3 style="text-align: center;">Mes mains au coeur du bien-être</h3>
<p>[/vc_column_text][vc_separator][/vc_column][/vc_row][vc_row css= ».vc_custom_1535451728234{margin-top: 20px !important;} »][vc_column][vc_row_inner][vc_column_inner el_class= »center » width= »1/3&Prime; el_id= »center »][vc_separator color= »white »][/vc_column_inner][vc_column_inner width= »1/3&Prime;][vc_images_carousel images= »848,847,893,846,845&Prime; img_size= »400X550&Prime; onclick= »link_no » speed= »4000&Prime; autoplay= »yes » hide_pagination_control= »yes » wrap= »yes » css_animation= »fadeIn »][/vc_column_inner][vc_column_inner width= »1/3&Prime;][vc_separator color= »white »][/vc_column_inner][/vc_row_inner][vc_separator][vc_row_inner][vc_column_inner][/vc_column_inner][/vc_row_inner][/vc_column][/vc_row]</p>

<p>[vc_row full_width= »stretch_row » gap= »1&Prime;][vc_column][vc_separator][vc_column_text] La Fascia-Bio-Energie est une Thérapie Manuelle douce et profonde qui vise à rééquilibrer le corps en mobilisant les fascias. Ces membranes de tissu conjonctif recouvrent l&rsquo;ensemble des structures en les reliant les unes aux autres (muscles, crâne, os, organes, etc&#8230;) &nbsp; Lors de chocs et traumatismes, aussi bien physiques, psychologiques ou émotionnels de la vie quotidienne, les fascias se rétractent pouvant entraîner des douleurs. &nbsp; Cette méthode de soins dénoue les tensions, libère les blocages, réduit le stress et calme les souffrances. Cette pratique s&rsquo;adresse à tous, des nourrissons aux personnes âgées, en passant par les sportifs. &nbsp; Un lieu de relaxation dans un environnement calme alliant la détente du corps et de l&rsquo;esprit. Des places de parking privées sont disponibles pour faciliter votre venue. &nbsp; Obtention d&rsquo;un Certificat de Fascia-Bio-Energétique en 2018, formation de 2 ans et poursuite de Module complémentaire depuis 2018 [/vc_column_text][vc_separator][vc_column_text css_animation= »fadeIn » css= ».vc_custom_1544651510002{background-color: #ffffff !important;background-position: center !important;background-repeat: no-repeat !important;background-size: contain !important;} »] Mes mains au coeur du bien-être [/vc_column_text][vc_separator][/vc_column][/vc_row][vc_row css= ».vc_custom_1535451728234{margin-top: 20px !important;} »][vc_column][vc_row_inner][vc_column_inner el_class= »center » width= »1/3&Prime; el_id= »center »][vc_separator color= »white »][/vc_column_inner][vc_column_inner width= »1/3&Prime;][vc_images_carousel images= »848,847,893,846,845&Prime; img_size= »400X550&Prime; onclick= »link_no » speed= »4000&Prime; autoplay= »yes » hide_pagination_control= »yes » wrap= »yes » css_animation= »fadeIn »][/vc_column_inner][vc_column_inner width= »1/3&Prime;][vc_separator color= »white »][/vc_column_inner][/vc_row_inner][vc_separator][vc_row_inner][vc_column_inner][/vc_column_inner][/vc_row_inner][/vc_column][/vc_row]</p>
